{"id":3287,"date":"2020-10-31T11:19:54","date_gmt":"2020-10-31T10:19:54","guid":{"rendered":"http:\/\/www.desjnuffelere.nl\/?page_id=3287"},"modified":"2024-01-26T13:22:12","modified_gmt":"2024-01-26T12:22:12","slug":"2021-2","status":"publish","type":"page","link":"https:\/\/www.desjnuffelere.nl\/?page_id=3287","title":{"rendered":"2021"},"content":{"rendered":"\n<figure class=\"wp-block-image\"><img fetchpriority=\"high\" decoding=\"async\" width=\"929\" height=\"620\" src=\"http:\/\/www.desjnuffelere.nl\/site\/wp-content\/uploads\/2020\/10\/gemeente-2020.jpg\" alt=\"Gemeente 2020\" class=\"wp-image-3290\" srcset=\"https:\/\/www.desjnuffelere.nl\/site\/wp-content\/uploads\/2020\/10\/gemeente-2020.jpg 929w, https:\/\/www.desjnuffelere.nl\/site\/wp-content\/uploads\/2020\/10\/gemeente-2020-300x200.jpg 300w, https:\/\/www.desjnuffelere.nl\/site\/wp-content\/uploads\/2020\/10\/gemeente-2020-768x513.jpg 768w, https:\/\/www.desjnuffelere.nl\/site\/wp-content\/uploads\/2020\/10\/gemeente-2020-450x300.jpg 450w\" sizes=\"(max-width: 929px) 100vw, 929px\" \/><\/figure>\n\n\n\n<h4 class=\"wp-block-heading\"><strong><a href=\"https:\/\/www.facebook.com\/DeSjnuffelere\/posts\/1663097387198125\">Gemeente Eijsden-Margraten<\/a><\/strong><\/h4>\n\n\n\n<p> CARNAVAL 2021, ANDERS DAN ANDERS | De 11de van de 11de nadert en de carnavalsperiode staat voor de deur. De coronapandemie die ons sinds maart jl. parten speelt heeft de wereld echter in haar greep. Gezien de geldende maatregelen tegen het coronavirus hebben de carnavalsverenigingen uit Eijsden-Margraten in overleg met de burgemeester gezamenlijk besloten dat er komend seizoen geen grote evenementen en activiteiten plaatsvinden en geen nieuwe \u2018Hoeglustigheden\u2019 worden uitgeroepen.<br>Concreet betekent dit dat er geen optochten, zittingen, Sleuteloverdracht, Euregionaal Prinsentreffen, Boetezitting of andere grote activiteiten en (vergunning plichtige) evenementen in Eijsden-Margraten zullen plaatsvinden. Inmiddels is dit besluit grotendeels ingehaald door de op 7 oktober jl. afgekondigde maatregelen van de Limburgse Veiligheidsregio\u2019s voor carnaval 2021.<\/p>\n\n\n\n<p><strong>\ud835\udde7\ud835\uddff\ud835\uddee\ud835\uddf1\ud835\uddf6\ud835\ude01\ud835\uddf6\ud835\uddf2<\/strong><br>Carnaval hoort echter bij ons leven en zal ook in 2021 in rood, geel en groen op de kalender staan. De carnavalsverenigingen hopen komend seizoen een kans te zien om een nieuwe impuls aan de carnaval te geven. De beleving van carnaval zal een andere, maar unieke invulling krijgen. Geen grootschalige evenementen en activiteiten maar terug naar de kern van de traditie. Verbinding met naasten op een bijzondere en creatieve manier. Carnaval in het teken van bezinning, maar vooral in het teken van lichtpuntjes in rood, geel en groen. Een traditie, sterk verankerd in iedere dorpskern, zal komend seizoen op deze manier levend worden gehouden. Uiteraard rekening houdend met de geldende coronamaatregelen. De carnavalsverenigingen zullen gezamenlijk met de gemeente bekijken welke alternatieve invulling kan plaatsvinden en u hierover berichten.<\/p>\n\n\n\n<p>\ud835\uddea\ud835\uddf6\ud835\uddf7 \ud835\ude04\ud835\uddf2\ud835\uddfb\ud835\ude00\ud835\uddf2\ud835\uddfb \ud835\uddf6\ud835\uddf2\ud835\uddf1\ud835\uddf2\ud835\uddff\ud835\uddf2\ud835\uddf2\ud835\uddfb \ud835\uddf2\ud835\uddf2\ud835\uddfb \ud835\uddf4\ud835\uddfc\ud835\uddf2\ud835\uddf1\ud835\uddf2 \ud835\uddf4\ud835\uddf2\ud835\ude07\ud835\uddfc\ud835\uddfb\ud835\uddf1\ud835\uddf5\ud835\uddf2\ud835\uddf6\ud835\uddf1 \ud835\ude01\ud835\uddfc\ud835\uddf2. \ud835\uddd4\ud835\uddf9\ud835\uddee\ud835\uddee\ud835\uddf3!<br>Gemeente Eijsden-Margraten, burgemeester Dieudonn\u00e9 Akkermans<br>CV de Berggeite Bemelen<br>CV de Boemel\u00e8re Banholt<br>CV de Brakkelerre Eckelrade<br>CV de Druugsjliepers Eijsden<br>CV de H\u00e8vers Noorbeek<br>CV de Kleindererre Sint Geertruid<br>CV de Klenderaire Cadier en Keer<br>CV de Krubbebieters Oost Maarland<br>CV de Moelemaekersj Scheulder<br>CV de Naachroave Eijsden<br>CV de Nachdravers Termaar<br>CV de Rieste Margraten<br>CV de Sjnuffel\u00e8re Rijckholt<br>KV de Sjravelerre Mheer<br>CV de Zweitlanceers Gronsveld <\/p>\n\n\n\n<p class=\"has-small-font-size\"><em>Bron:<\/em> <a href=\"https:\/\/www.facebook.com\/DeSjnuffelere\/posts\/1663097387198125\">Facebook<\/a><\/p>\n","protected":false},"excerpt":{"rendered":"<p>Gemeente Eijsden-Margraten CARNAVAL 2021, ANDERS DAN ANDERS | De 11de van de 11de nadert en de carnavalsperiode staat voor de deur. De coronapandemie die ons sinds maart jl. parten speelt heeft de wereld echter in haar greep. Gezien de geldende maatregelen tegen het coronavirus hebben de carnavalsverenigingen uit Eijsden-Margraten in overleg met de burgemeester gezamenlijk &hellip; <\/p>\n<p class=\"link-more\"><a href=\"https:\/\/www.desjnuffelere.nl\/?page_id=3287\" class=\"more-link\">Lees meer<span class=\"screen-reader-text\"> &#8220;2021&#8221;<\/span><\/a><\/p>\n","protected":false},"author":13,"featured_media":0,"parent":0,"menu_order":3,"comment_status":"closed","ping_status":"closed","template":"","meta":{"_inspiro_hide_title":false,"footnotes":""},"class_list":["post-3287","page","type-page","status-publish","hentry"],"featured_media_urls":[],"_links":{"self":[{"href":"https:\/\/www.desjnuffelere.nl\/index.php?rest_route=\/wp\/v2\/pages\/3287","targetHints":{"allow":["GET"]}}],"collection":[{"href":"https:\/\/www.desjnuffelere.nl\/index.php?rest_route=\/wp\/v2\/pages"}],"about":[{"href":"https:\/\/www.desjnuffelere.nl\/index.php?rest_route=\/wp\/v2\/types\/page"}],"author":[{"embeddable":true,"href":"https:\/\/www.desjnuffelere.nl\/index.php?rest_route=\/wp\/v2\/users\/13"}],"replies":[{"embeddable":true,"href":"https:\/\/www.desjnuffelere.nl\/index.php?rest_route=%2Fwp%2Fv2%2Fcomments&post=3287"}],"version-history":[{"count":4,"href":"https:\/\/www.desjnuffelere.nl\/index.php?rest_route=\/wp\/v2\/pages\/3287\/revisions"}],"predecessor-version":[{"id":3293,"href":"https:\/\/www.desjnuffelere.nl\/index.php?rest_route=\/wp\/v2\/pages\/3287\/revisions\/3293"}],"wp:attachment":[{"href":"https:\/\/www.desjnuffelere.nl\/index.php?rest_route=%2Fwp%2Fv2%2Fmedia&parent=3287"}],"curies":[{"name":"wp","href":"https:\/\/api.w.org\/{rel}","templated":true}]}}

<figure class="wp-block-image"><img fetchpriority="high" decoding="async" width="929" height="620" src="http://www.desjnuffelere.nl/site/wp-content/uploads/2020/10/gemeente-2020.jpg" alt="Gemeente 2020" class="wp-image-3290" srcset="https://www.desjnuffelere.nl/site/wp-content/uploads/2020/10/gemeente-2020.jpg 929w, https://www.desjnuffelere.nl/site/wp-content/uploads/2020/10/gemeente-2020-300x200.jpg 300w, https://www.desjnuffelere.nl/site/wp-content/uploads/2020/10/gemeente-2020-768x513.jpg 768w, https://www.desjnuffelere.nl/site/wp-content/uploads/2020/10/gemeente-2020-450x300.jpg 450w" sizes="(max-width: 929px) 100vw, 929px" /></figure>



<h4 class="wp-block-heading"><strong><a href="https://www.facebook.com/DeSjnuffelere/posts/1663097387198125">Gemeente Eijsden-Margraten</a></strong></h4>



<p> CARNAVAL 2021, ANDERS DAN ANDERS | De 11de van de 11de nadert en de carnavalsperiode staat voor de deur. De coronapandemie die ons sinds maart jl. parten speelt heeft de wereld echter in haar greep. Gezien de geldende maatregelen tegen het coronavirus hebben de carnavalsverenigingen uit Eijsden-Margraten in overleg met de burgemeester gezamenlijk besloten dat er komend seizoen geen grote evenementen en activiteiten plaatsvinden en geen nieuwe ‘Hoeglustigheden’ worden uitgeroepen.<br>Concreet betekent dit dat er geen optochten, zittingen, Sleuteloverdracht, Euregionaal Prinsentreffen, Boetezitting of andere grote activiteiten en (vergunning plichtige) evenementen in Eijsden-Margraten zullen plaatsvinden. Inmiddels is dit besluit grotendeels ingehaald door de op 7 oktober jl. afgekondigde maatregelen van de Limburgse Veiligheidsregio’s voor carnaval 2021.</p>



<p><strong>𝗧𝗿𝗮𝗱𝗶𝘁𝗶𝗲</strong><br>Carnaval hoort echter bij ons leven en zal ook in 2021 in rood, geel en groen op de kalender staan. De carnavalsverenigingen hopen komend seizoen een kans te zien om een nieuwe impuls aan de carnaval te geven. De beleving van carnaval zal een andere, maar unieke invulling krijgen. Geen grootschalige evenementen en activiteiten maar terug naar de kern van de traditie. Verbinding met naasten op een bijzondere en creatieve manier. Carnaval in het teken van bezinning, maar vooral in het teken van lichtpuntjes in rood, geel en groen. Een traditie, sterk verankerd in iedere dorpskern, zal komend seizoen op deze manier levend worden gehouden. Uiteraard rekening houdend met de geldende coronamaatregelen. De carnavalsverenigingen zullen gezamenlijk met de gemeente bekijken welke alternatieve invulling kan plaatsvinden en u hierover berichten.</p>



<p>𝗪𝗶𝗷 𝘄𝗲𝗻𝘀𝗲𝗻 𝗶𝗲𝗱𝗲𝗿𝗲𝗲𝗻 𝗲𝗲𝗻 𝗴𝗼𝗲𝗱𝗲 𝗴𝗲𝘇𝗼𝗻𝗱𝗵𝗲𝗶𝗱 𝘁𝗼𝗲. 𝗔𝗹𝗮𝗮𝗳!<br>Gemeente Eijsden-Margraten, burgemeester Dieudonné Akkermans<br>CV de Berggeite Bemelen<br>CV de Boemelère Banholt<br>CV de Brakkelerre Eckelrade<br>CV de Druugsjliepers Eijsden<br>CV de Hèvers Noorbeek<br>CV de Kleindererre Sint Geertruid<br>CV de Klenderaire Cadier en Keer<br>CV de Krubbebieters Oost Maarland<br>CV de Moelemaekersj Scheulder<br>CV de Naachroave Eijsden<br>CV de Nachdravers Termaar<br>CV de Rieste Margraten<br>CV de Sjnuffelère Rijckholt<br>KV de Sjravelerre Mheer<br>CV de Zweitlanceers Gronsveld </p>



<p class="has-small-font-size"><em>Bron:</em> <a href="https://www.facebook.com/DeSjnuffelere/posts/1663097387198125">Facebook</a></p>
